. What is the tens digit of (-388*5/(-20))/(t/18)?
7
Suppose -8*l + 2723 = -7429. What is the hundreds digit of l/36*(-60)/(-9)?
2
Let w(u) = u**3 + 26*u**2 + 49*u + 27. Let a be w(-24). Suppose 16*l = -a*l + 11039. What is the hundreds digit of l?
5
Let w(m) = 8 + 9 - 14*m - 9*m. Let u be w(-10). Suppose -u = -6*k - 85. What is the units digit of k?
7
Let s(h) = 28 - 54*h**2 - 12 + 39*h + 59*h**2. What is the tens digit of s(-16)?
7
What is the ten thousands digit of 4*(-208260)/(-48) - 10?
1
Let v(c) = 62*c + 4. Let q = -124 - -83. Let s = -39 - q. What is the hundreds digit of v(s)?
1
Suppose -78*h + 2040621 - 109368 = 255345. What is the tens digit of h?
8
Suppose 4*f - 252 = 4*y, -8*f + 2*y + 250 = -4*f. Let d = f - 59. Suppose -q - d*q = -124. What is the tens digit of q?
3
Let h(o) = -o**2 + 6*o - 4. Let l be h(5). Suppose -t - l = 0, -3*t + 9 = 3*m - 4*m. What is the tens digit of 670/4*6*m/(-90)?
3
Let i = -105 - -242. Suppose -13*s + i = -929. What is the tens digit of s?
8
Let q = -2983 - -3294. What is the units digit of q?
1
Let t(s) = -s**3 + 10*s**2 + 10*s + 57. Let y be (((-1320)/(-16))/11)/((-9)/(-12)). What is the units digit of t(y)?
7
Let g(y) = y**3 - 4*y**2 - 9. Let d be g(5). Suppose 11*l + 75 = d*l. What is the units digit of (-1)/(l/192)*-5?
4
Suppose 2*h - 598 = -0*q + 4*q, 4*q + 297 = h. Suppose 303*t - 998 = h*t. What is the units digit of t?
9
Suppose -j + 31365 = 4*z - 233425, 5*z + 5*j - 330995 = 0. What is the thousands digit of z?
6
Suppose -23*f = -26*f + 1269. Suppose 2*t - 201 = -d - 2*t, 2*d - f = -t. What is the hundreds digit of d?
2
Let g be ((-10)/33*3)/(26/(-143)). Let a = -48 + 109. Let f = a - g. What is the tens digit of f?
5
Suppose 5*n + 8 = 2*g, g - 2*n + 3 = 8. Let o(c) = 9*c - 3. Let i be o(g). Suppose w - 207 + i = 0. What is the units digit of w?
9
Let m be (-18)/27 + 76/6. Suppose 5*r = -4*y - m, -6*y = -2*y + 2*r. What is the units digit of 117/4 - y/8?
9
Let c(j) = -2*j**2 - j + 2. Let p(d) = -5*d**2 - 7*d + 12. Let f(o) = -4*c(o) + p(o). Let m = -9 - -6. What is the units digit of f(m)?
0
Let g(l) = 313*l**2 + 72*l - 143. What is the tens digit of g(6)?
5
Let i(j) = -13*j - 13. Let y be i(-1). Suppose -6*g + 2076 + 510 = y. What is the hundreds digit of g?
4
What is the tens digit of -131015*(-23)/(92 - -23)?
0
Suppose m + 314340 = 53*m. What is the tens digit of m?
4
Suppose 10*q - 73514 = -4*q. What is the units digit of q?
1
Let j(g) = 1798*g - 358. What is the hundreds digit of j(7)?
2
Suppose 9*v - 67589 + 33542 = 0. What is the units digit of v?
3
Let i be ((-173)/(-4))/(2/16). Suppose k - i = 5*d - 15, -3*d + 2*k - 193 = 0. Let z = -47 - d. What is the units digit of z?
0
Suppose c + 185 = 5*p, -3*c = -p - 8*c + 11. Suppose -34*r - 638 = -p*r. What is the units digit of r?
9
Suppose 25*t - 21*t - 1484 = 0. Suppose -9*q = t - 1766. What is the hundreds digit of q?
1
Suppose -4*u + 49 = -15. Suppose -3*f = -4*p - 145, f + 3*p - 73 + u = 0. What is the units digit of f?
1
Suppose -i = -17 + 17. Suppose i*k + 2*k - 4 = 0. Let p(b) = 11*b**2 - 3*b + 5. What is the tens digit of p(k)?
4
Let x be 2*(0 + 1) - (-1261 + 48). Let c = -250 + x. What is the units digit of c?
5
Let x be 0/(-3) - (-2)/1. Let q(p) = -129*p + 39. Let w(j) = 43*j - 14. Let b(v) = -4*q(v) - 11*w(v). What is the units digit of b(x)?
4
Suppose -2*d + 10 = 2*d - 5*r, -r + 12 = 2*d. What is the units digit of (-4886)/(-10) - (0 - 2/d)?
9
Let t(s) = 348*s**2 + 98*s + 628. What is the tens digit of t(-6)?
6
Let b = -11685 - -21296. What is the units digit of b?
1
What is the tens digit of (-204192)/(-22) - 18/(-33)?
8
Let j(m) = 13*m**2 - 5*m + 253. What is the tens digit of j(-22)?
5
Let l(y) = 3*y**2 - 3*y - 32. Suppose 0*k + 8*k - 48 = 0. What is the units digit of l(k)?
8
What is the tens digit of 42 + 40/(-90)*-9?
4
Suppose -3*w = -2*i + w - 380, -2*w + 748 = -4*i. Let h = i + 439. What is the units digit of h?
3
Let c = 4719 - 3751. What is the tens digit of c?
6
Let q = 6519 + -2816. What is the hundreds digit of q?
7
Suppose -3*v = -2*x + 7030 + 9675, 4*x = v + 33415. What is the tens digit of x?
5
Let m(o) = 223*o**2 + 32*o - 674. What is the hundreds digit of m(12)?
8
Let w(c) = 21*c**2 - 50*c + 279. What is the thousands digit of w(14)?
3
Let h(k) = 4*k - 22. Let b(o) = -o**3 + 8*o**2 + 2*o - 7. Let z be b(8). Let u be h(z). Let j(w) = w**2 - 13*w + 3. What is the tens digit of j(u)?
1
Suppose 0 = -925*u + 941*u - 195840. What is the thousands digit of u?
2
Let c = -132 - -132. Suppose c = -5*f - u - u + 1430, 1430 = 5*f - u. What is the tens digit of f?
8
Let g = 101 - 161. What is the tens digit of (3924/g)/(3/(-15))?
2
Let t(m) = 6*m**2 + m + 12. Let w be ((-3)/1)/(6*1/6). Let l be t(w). Let h = 7 + l. What is the tens digit of h?
7
Let k = 571 + -292. Let z = k - 187. Suppose 0 = -2*q + 16 + z. What is the units digit of q?
4
What is the tens digit of 2/(-3) + 91/(-42)*-532?
5
Let i be 1/2*(-5 + 5). Suppose 60*l - 61*l + 10 = i. Suppose -832 = l*t - 14*t. What is the tens digit of t?
0
Suppose 128*x + 22 = 133*x + 3*f, 23 = 5*x + 2*f. Let m(g) = 7*g + 3 + 5 - 16*g + 3*g**2. What is the units digit of m(x)?
8
Let u(h) = h. Let n be u(6). Suppose 0 = 3*s + 2*w - 11 + 3, 2*s + 2*w = n. Suppose 207 = s*y + 31. What is the tens digit of y?
8
Let k be (3 - 9) + (4 - -6). Let z(h) = h**3 - 5*h**2 - 5*h - 1. Let s be z(6). Suppose s*v - 899 = c, k*v + 0*c = c + 720. What is the hundreds digit of v?
1
Let k(n) = n**3 + 36*n**2 + 33*n + 57. What is the thousands digit of k(-15)?
4
What is the units digit of ((-10)/(-60))/(4/94008)?
7
Let f = -82 + -20. Let z = f + 391. What is the tens digit of z?
8
Let o = 45 - 41. Suppose -2*d = -5*c + 11, -c + 1 = -o*d + 2*c. Suppose 62 = d*l - 12. What is the tens digit of l?
3
Let r(b) = -2327*b**3 + 11*b**2 + 9*b + 7. What is the ten thousands digit of r(-2)?
1
Let n(c) = 2995*c**3 + 3*c - 2. Let k be n(1). Suppose -15*h + 2479 + k = 0. What is the units digit of h?
5
Let r(u) = -107*u - 92. Let c be r(-10). Let n = c + -673. What is the units digit of n?
5
Suppose 111*s = 80*s + 288458 + 92687. What is the tens digit of s?
9
Let n = 1310 + -1909. Let x = n - -1200. What is the units digit of x?
1
Let a be ((-1)/((-1)/157))/(2/(-6)). Let m = 781 + a. Let l = m - 155. What is the units digit of l?
5
Suppose 1 = -3*m - b, -5*m + 2*b + 2*b = 30. What is the thousands digit of m + (-4)/(-3) + 144601/69?
2
Suppose 3*i - 1631 = -4*i. Let f = i - 213. What is the units digit of f?
0
Suppose 6*w - 3 = 9. Suppose -2*z - n + 722 = -3*n, n + 719 = w*z. What is the tens digit of z?
5
Suppose -5*o + 2*o + a + 41 = 0, -3*a - 6 = 0. Suppose 0 = 4*z + 2*k - 1742, -4*k - 1 = -o. What is the hundreds digit of z?
4
Let v = -5 + 5. Suppose -k + 7*k + 18 = v. What is the units digit of (18 + k)*(-8)/(-6)?
0
Suppose -s - n - 29 = 0, -5*n + 56 = -2*s - 16. Let v = s - -61. What is the tens digit of 4/v + (-506)/(-30)?
1
Let o(r) = 4*r - 32. Let b be o(8). Suppose b*s - 8*s = 0. Suppose s = -4*x + 682 - 178. What is the units digit of x?
6
Suppose -2*r + 38736 = 3*a, -2530*a + 19342 = r - 2535*a. What is the thousands digit of r?
9
Let a(u) = u + 22. Let b be a(-20). Let r(d) = 34*d**2 - 2*d + 4. Let m be r(b). What is the tens digit of (7/14)/((2 - 1)/m)?
6
Let q(i) = -i**3 + 9*i**2 + 2*i + 10. Let o be q(9). Suppose -5*b = 8 - o. Suppose -2*c + b*n + 172 = 0, 8*c + 3*n - 311 = 4*c. What is the tens digit of c?
8
Let x(h) = -h**3 + 10*h**2 + 10*h + 11. Let k be x(11). Suppose 4*z - 20 + k = 0. Suppose 3*b - 178 = z*u, -2*b + u + 87 = 4*u. What is the tens digit of b?
5
Let o = 9432 - 2599. What is the tens digit of o?
3
Let n(c) = 3*c**2 - 25*c - 16. Let t be n(9). Suppose -r - m - t*m = -24, 3*r + m - 88 = 0. What is the tens digit of r?
3
What is the tens digit of ((-18879)/(-6) - 1)/((-138)/(-1840))?
4
Let u(s) be the third derivative of -s**4/24 + 5*s**3/3 + 25*s**2. Let a be u(7). What is the tens digit of 1 + (-1)/(a/(-579))?
9
Suppose 3*o + 27804 = 2*t - 1791, 0 = 4*t - 2*o - 59210. What is the hundreds digit of t?
8
Let p = -7825 + 20249. What is the tens digit of p?
2
Let k(i) = 29*i**2 + 15*i - 12. Suppose -f + 4 = -c, -2*f + c + 10 = 1. What is the units digit of k(f)?
8
Let g be (-1 +